2521 (base 11) to base 16.
5a2a3
20000260 (base 7) to base 3
10002200120101
What is -213171 (base 10) in base 9?
-354366
What is -27cd (base 15) in base 16?
-2146
-78c3e0 (base 15) to base 14
-a9dc02
27a15 (base 11) to base 7
224052
Convert 1228888 (base 11) to base 9.
4013171
What is 1948f (base 16) in base 12?
4bb27
-46722 (base 12) to base 11
-6497a
Convert 5b0b (base 16) to base 10.
23307
What is 10120201110202 (base 3) in base 12?
77986b
Convert 161a50 (base 11) to base 8.
753145
Convert 301846 (base 15) to base 8.
10553546
What is 24a20a8 (base 13) in base 14?
17370c4
-5d12b (base 16) to base 11
-240470
What is -17510411 (base 9) in base 10?
-8805196
What is 82934 (base 16) in base 3?
1000011122202
-10211211102220 (base 3) to base 5
-1010344313
What is -120355544 (base 7) in base 8?
-34412121
Convert 20590b (base 15) to base 2.
101110111011001111101
10442623 (base 9) to base 10
5047374
72654733 (base 8) to base 11
8785285
89864 (base 12) to base 16
2c98c
555043 (base 8) to base 6
4001203
Convert -a8657 (base 13) to base 4.
-1022102100
173b110 (base 13) to base 7
121024350
What is -1514628 (base 9) in base 6?
-25533255
What is -149367 (base 11) in base 13?
-817c6
What is 1326430 (base 7) in base 14?
47b87
Convert 332f7 (base 16) to base 10.
209655
Convert 1332014034 (base 5) to base 10.
3391769
Convert 5f5e5a (base 16) to base 5.
3100000244
3664470 (base 9) to base 3
10202011112100
Convert 33131211 (base 4) to base 15.
13b73
Convert 214121134 (base 7) to base 16.
c402c7
68a04 (base 11) to base 13
364cb
Convert 56b66 (base 14) to base 10.
210790
What is 527056 (base 9) in base 13?
ac920
What is -11101000001000011001110 (base 2) in base 7?
-121440215
1033607 (base 10) to base 16
fc587
-566666 (base 8) to base 3
-100202021101
Convert -14ad6 (base 14) to base 3.
-2121200220
What is -422642 (base 12) in base 4?
-3332030102
What is -12199 (base 10) in base 4?
-2332213
-239360 (base 10) to base 16
-3a700
-32110022020 (base 4) to base 2
-1110010100001010001000
Convert 654015 (base 7) to base 16.
1be37
Convert 306c29 (base 13) to base 7.
12411623
701850 (base 12) to base 3
10021122100220
-212231021 (base 4) to base 14
-41ac1
Convert 186527 (base 11) to base 12.
119b7b
What is 1100100101000 (base 2) in base 9?
8745
Convert -163640653 (base 7) to base 3.
-210000111001201
What is 101010111010101010011 (base 2) in base 13?
3a3133
-1573573 (base 9) to base 14
-18ad95
18416d (base 15) to base 4
10133221123
What is -1350006 (base 9) in base 13?
-1cc5c9
Convert 9ac761 (base 13) to base 5.
1413423443
11645666 (base 8) to base 2
1001110100101110110110
-5557c7 (base 13) to base 14
-3a513b
What is 1101001111010101 (base 2) in base 13?
1b8b6
What is 2375518 (base 10) in base 3?
11110200121011
What is -2226b (base 14) in base 15?
-19807
351024 (base 6) to base 5
1430130
Convert -dab33 (base 16) to base 14.
-194655
Convert -2a3b886 (base 13) to base 7.
-222363024
Convert 3130012120 (base 4) to base 2.
11011100000110011000
Convert 403392 (base 10) to base 8.
1423700
44787d (base 16) to base 9
8388361
Convert -332232120 (base 4) to base 15.
-511d0
Convert -4373052 (base 8) to base 10.
-1177130
What is 1b9353 (base 14) in base 13?
2868b6
Convert 576730 (base 8) to base 3.
100221221100
Convert -184236 (base 10) to base 8.
-547654
Convert -8392 (base 13) to base 2.
-100011100011010
11001110111110001 (base 2) to base 12
513a9
What is -52bfbe (base 16) in base 8?
-24537676
3145422 (base 6) to base 3
21211110212
What is -10001110011111000101 (base 2) in base 16?
-8e7c5
-66694 (base 16) to base 7
-3364651
143025040 (base 6) to base 16
2ce830
What is -93580 (base 15) in base 9?
-781533
-acac7 (base 16) to base 13
-1b9c06
Convert 102110333 (base 5) to base 14.
b1206
142511 (base 8) to base 3
2120021120
What is 105300272 (base 8) in base 13?
39c9acb
What is -24140123 (base 5) in base 15?
-4675d
Convert 23000320 (base 4) to base 12.
22134
Convert 195694 (base 12) to base 6.
13312304
-1c1801 (base 13) to base 12
-2a731b
57324 (base 10) to base 13
20127
Convert 2022001202102 (base 3) to base 7.
13245410
Convert -6016235 (base 7) to base 10.
-710477
What is b8930c (base 16) in base 12?
40741a4
What is -14194b (base 12) in base 5?
-41203414
Convert -4343413 (base 5) to base 13.
-280c4
What is -55484 (base 11) in base 12?
-3a670
What is -1240044 (base 6) in base 9?
-112431
-101100111011011001011010 (base 2) to base 10
-11777626
Convert -710784 (base 9) to base 12.
-183457
-7a6989a (base 11) to base 8
-65653123
5820141 (base 9) to base 11
1857295
2010b (base 12) to base 5
2313002
What is -1641534 (base 8) in base 2?
-1110100001101011100
What is 20001002210 (base 3) in base 2?
11101000001110110
Convert 503585 (base 13) to base 2.
111000111000101001010
What is 344761 (base 10) in base 14?
8d8db
-1001101110111101001111 (base 2) to base 11
-1493095
What is 12110203331 (base 4) in base 2?
110010100100011111101
What is 2b25 (base 16) in base 14?
404d
Convert 3330344 (base 6) to base 5.
20323240
-54764 (base 8) to base 9
-34526
What is 932874 (base 11) in base 14?
2ad833
11011100011000010100 (base 2) to base 7
10446465
Convert -5114 (base 10) to base 13.
-2435
Convert -5b980 (base 12) to base 15.
-26b70
What is 424705 (base 9) in base 6?
5230222
Convert 884432 (base 11) to base 10.
1411379
1004152 (base 9) to base 2
10000010011111010101
1012121211011 (base 3) to base 13
196369
What is 20121001101020 (base 3) in base 16?
3579c3
What is -64324601 (base 7) in base 3?
-101021211201002
What is -52153354 (base 6) in base 8?
-5601306
4a5c1 (base 15) to base 3
110001212101
10540345 (base 8) to base 5
1040340410
Convert 210a260 (base 12) to base 6.
341413400
What is 20035 (base 14) in base 15?
17ba4
What is 15203812 (base 9) in base 14?
100b71c
Convert 3123302300 (base 4) to base 15.
12bb32
-2b46c49 (base 13) to base 6
-1213120420
Convert -43571 (base 8) to base 2.
-100011101111001
Convert 1092505 (base 12) to base 7.
36000530
Convert -1001101101111101100 (base 2) to base 11.
-1a8285
231453 (base 12) to base 7
4531116
15303053 (base 7) to base 6
51210232
What is a94b0a (base 15) in base 4?
132301011100
Convert 1b97c (base 13) to base 4.
31101100
What is 123a7a5 (base 11) in base 4?
20031112302
What is -55035352 (base 6) in base 8?
-6177264
What is -21012021 (base 4) in base 7?
-213423
-511037 (base 9) to base 10
-302569
What is 726684 (base 10) in base 9?
1326736
What is -12630331 (base 7) in base 13?
-31b286
Convert 6e8fb8 (base 16) to base 7.
115405433
Convert 25061506 (base 8) to base 15.
7439ad
Convert b16ee (base 16) to base 5.
141224031
1030312213 (base 4) to base 10
314791
Convert -4202441 (base 5) to base 8.
-207001
8c254 (base 13) to base 6
5245431
What is 22143 (base 8) in base 11?
6aa9
What is -105344424 (base 6) in base 16?
-1da3a0
-122d11 (base 15) to base 13
-2461a5
Convert -1157858 (base 11) to base 8.
-7541645
What is -73004 (base 9) in base 8?
-135766
Convert 28846a3 (base 11) to base 3.
100022201201220
40c967 (base 13) to base 12
60b7b2
What is 100330311210 (base 4) in base 10?
4443492
-25304305 (base 6) to base 5
-202124312
What is 202122122000 (base 3) in base 15?
806ac
-2001021100 (base 3) to base 16
-9d65
Convert 316410 (base 8) to base 15.
214e1
84c00 (base 14) to base 8
1162220
What is -86507 (base 15) in base 14?
-b155c
-10113445 (base 6) to base 7
-2314661
272150 (base 9) to base 12
7ba09
-10110110000110110000100 (base 2) to base 16
-5b0d84
What is 11211020220221 (base 3) in base 14?
4aa4b3
56416562 (base 8) to base 12
4102702
What is -20110110221 (base 3) in base 4?
-133003123
-15221014 (base 6) to base 14
-dba26
What is -10012042 (base 5) in base 4?
-103102232
Convert -120123004 (base 5) to base 2.
-10000110101011001101
-dd23 (base 16) to base 8
-156443
Convert -25223 (base 13) to base 4.
-100231322
Convert 501993 (base 11) to base 2.
11000101001101100001
What is 5350556 (base 7) in base 8?
2367315
-69f91 (base 16) to base 11
-277135
-1615150 (base 8) to base 12
-1a5488
cb30b (base 16) to base 5
203113032
What is -166a442 (base 13) in base 15?
-982b23
What is -3331432 (base 5) in base 10?
-58367
Convert 15559 (base 16) to base 3.
11102212111
-21354a (base 13) to base 5
-144404040
Convert -13712 (base 16) to base 3.
-11001020102
What is -ac31bc (base 13) in base 7?